 is the tens digit of u?
2
Suppose -u - 4*q = -2, -1 = -u - 5*q + 1. Suppose -5*w + 37 = -u*d + 5*d, 3*d + 2*w = 49. What is the tens digit of d?
1
Let f(z) = -154*z - 799. What is the thousands digit of f(-43)?
5
Let j(z) = 7*z**2 + 9. Let x(s) = s**3 + 7*s**2 - 7*s + 12. Let y be x(-8). Suppose -34 + 14 = y*d. What is the tens digit of j(d)?
8
What is the hundreds digit of 15 + 26/(-13) + 11819?
8
Let p(f) = -2*f**3 - f**2 - 3*f - 1. Suppose -1 + 10 = -9*w. Let c be p(w). Let b = 15 + c. What is the units digit of b?
8
Let k(i) = -3*i - 5. Let a be k(-3). Suppose a*q = 4 - 0, -3*x + 14638 = 4*q. What is the tens digit of x/21 - 1/14*4?
3
Let h(u) = u**3 + 21*u**2 + 20*u. Let z be h(-20). Suppose z = 6*d - 497 - 349. What is the units digit of d?
1
Suppose 2*u + 3504 = 4*r, 5*r - 4*u - u = 4380. Suppose 0*v + r = z - 2*v, -5*v - 882 = -z. What is the tens digit of z?
7
Let k(l) = 10*l - 18. Let s be k(2). What is the tens digit of ((-10)/s - (-3 + -3))*283?
8
Let t be (12/10)/(4/(-122940)). What is the hundreds digit of t/(-81) - ((-4)/(-3) - 1)?
4
Let k = -239 + 241. What is the units digit of k/((-18)/(-12) + (-1138)/764)?
1
Suppose 2*s + 5*c - 56985 = 0, -2*s + 5*c + 1033 + 55922 = 0. What is the hundreds digit of s?
4
Let n = -168 + 170. What is the units digit of (-936)/(-6)*n/4?
8
Suppose 375 = -462*t + 463*t. Suppose 3*f - d - t = 0, 3*f = -2*d + 589 - 223. What is the hundreds digit of f?
1
What is the hundreds digit of 2/4 - ((-38)/(-76))/((-5)/109795)?
9
Let h(x) = -47*x + 1 - 139*x + 158*x. Let n be (3*-2)/(0 + 1). What is the units digit of h(n)?
9
Let f = 68034 - 48236. What is the ten thousands digit of f?
1
Let j = 21 - 18. Let p be (j - 1) + (-1 - -8). Suppose -p = 3*c - 15. What is the units digit of c?
2
Let y = 32238 + -17641. What is the tens digit of y?
9
Suppose 0 = 5*m - 4*c + 26, -3*m - 6*c = -7*c + 17. Let b(g) = 4*g - g**3 - 4*g**2 - 3*g**3 - 7 + 3*g**3. What is the tens digit of b(m)?
4
Let t be (-27)/(-81) - 4301/(-3). Let j = t - 505. What is the hundreds digit of j?
9
Let u(o) = -163*o**3 + 3*o**2 - 17*o + 33. Let d(y) = -82*y**3 + 2*y**2 - 8*y + 17. Let m(a) = 7*d(a) - 4*u(a). What is the units digit of m(1)?
9
Let c(h) = 176*h**2 + 24*h - 26. Let x be c(1). Suppose o = 2*g + x, 3*o - 49*g = -47*g + 506. What is the tens digit of o?
6
What is the units digit of 51/170 - 502227/(-110)?
6
Suppose 69725 + 3816622 = 147*k - 1190298. What is the hundreds digit of k?
5
Suppose 5*f = 3*f. Let x = -68 - -70. Suppose f = -w + x + 6. What is the units digit of w?
8
Let x(z) = z**3 + 2*z**2 - 6*z - 6. Let k be x(-3). Suppose 4*c + 266 = -2*n, k*n + 586 = 5*c + 143. Let w = -72 - n. What is the tens digit of w?
6
Let l be 5 - 24/(-18)*(-9)/4. Let h = -246 + 554. Suppose -2*i + h = l*i. What is the units digit of i?
7
Suppose 1282 = 4*r + 3942. Let n = r + 1307. What is the hundreds digit of n?
6
Suppose -3*l = 2*a + 5 + 2, 0 = 2*a - 3*l + 37. What is the units digit of (3*a)/(114/(-722))?
9
Let x(v) = 18*v**3 - 15*v**2 + 46*v - 65. What is the ten thousands digit of x(9)?
1
Let c = -103145 + 149738. What is the hundreds digit of c?
5
Let d(k) = 4*k - 15. Let a be d(5). Let v(l) = 19 + l**3 - 27*l + 2*l**2 - 28*l**2 + 25 + a*l. What is the hundreds digit of v(27)?
1
Suppose 0 = g - 3, 2*g - 39 = -3*t - g. Suppose -2*n = -4*u - t, -28 = -2*n + 7*u - 12*u. Suppose n*w = 96 + 975. What is the hundreds digit of w?
1
Let k(o) be the third derivative of o**8/2520 + o**6/240 + 17*o**5/60 - 4*o**2. Let i(g) be the third derivative of k(g). What is the tens digit of i(3)?
7
Suppose -15*w = -5*w - 9710. Suppose p = -4*t + w, 4*t + 15 = p + 996. What is the hundreds digit of t?
2
Let p(n) = -n**3 - 80*n**2 - 43*n + 197. What is the hundreds digit of p(-81)?
2
Suppose 3*a + 638 = a. Let q = a + 1539. What is the units digit of q?
0
Suppose 5*s = -n + 7128, 5*s + 2*n = -656 + 7787. Suppose s - 6783 = -19*d. What is the hundreds digit of d?
2
Let y be 0 + 3 - -4*(-6)/12. Let q(g) be the third derivative of 14*g**5/15 - g**2. What is the units digit of q(y)?
6
Let k(c) = 1031*c - 278. What is the tens digit of k(4)?
4
Suppose 2*y = -5*p + 15, 8*p + 2*y - 12 = 4*p. Let w be (14/p)/(2/(-21)). Let o = w - -77. What is the tens digit of o?
2
Let f = 1730 + -1727. Suppose -5*p - o + 567 = -5*o, -2*p - o = -219. Suppose j - 2 = -f, -4*k = 5*j - p. What is the tens digit of k?
2
Suppose 0 = -4*u + 5*l + 113862, 35*l - 142311 = -5*u + 33*l. What is the tens digit of u?
6
What is the hundreds digit of (45*(-35)/(-42))/(9/3828)?
9
Let a be 8*1/2 + -50. Let o = a - -53. Suppose -f + 13 = o. What is the units digit of f?
6
Let x(u) = u**3 - 16*u**2 + 18*u - 15. Let w(h) = -12*h - 9. Suppose -2*g - 2*b = -4, 0*g - 2*g + 16 = 5*b. Let o be w(g). What is the tens digit of x(o)?
3
Let z(i) = -7354*i - 7658. What is the ten thousands digit of z(-6)?
3
Let g(p) = 6*p + 70. Suppose 0 = 2*w - 5*l - 55, 2*l = w - 46 + 17. What is the tens digit of g(w)?
8
Let m(b) = -4*b**2 + 90*b - 36. Let z be m(22). Suppose 2379 = z*y - 5*y. What is the tens digit of y?
9
Let t(i) = -5*i**2 - 9*i + 2. Let h(l) = -2*l**2 - 4*l + 1. Let y(k) = 7*h(k) - 3*t(k). Suppose -d + 4 = 6. What is the units digit of y(d)?
7
Let r(f) = -2*f - 11. Let z be r(-7). Suppose 0 = 3*g + j - 298, z*g - 2*j + j = 296. What is the tens digit of g?
9
What is the tens digit of 7606*(9 - 20)/(-11)?
0
Suppose 3*c = -4*m + 24701, -3332 - 15191 = -3*m - 5*c. What is the thousands digit of m?
6
Suppose 4*u + 124 = u + b, -3*b = 2*u + 68. What is the tens digit of ((-180)/u)/(0 - (-3)/176)?
6
Let v(o) = o**2 - 2*o + 56. Let h = 8 + -8. Suppose -4*i + h*i = 2*i. What is the tens digit of v(i)?
5
Suppose -5*m + 4*k + 21372 = 0, 4070 = m - 5*k - 217. Suppose -q = -4*q - 3*j + m, 2*j + 1439 = q. What is the hundreds digit of q?
4
What is the thousands digit of ((-11946)/44)/(6/(-276))?
2
Let m = -116 + 87. Let h = m + 124. Suppose -2*o + 4*j + 100 = 0, -5*j = 5*o - 80 - h. What is the tens digit of o?
4
Let f(i) = -i**2 - 22*i - 54. Let b be f(-3). Suppose -3*o + 3*x = 2*o - 1375, b*x = -4*o + 1127. What is the hundreds digit of o?
2
What is the thousands digit of 801/45 - 18 - (-66992)/10?
6
What is the hundreds digit of (-1 + (-1)/1)/((-12)/6)*7621?
6
Let l be 2 + 5/(10/4). Let s be l + 34/(-8) + (-229)/(-4). Let i = s - 36. What is the tens digit of i?
2
Let o(r) = -r**3 + 20*r**2 - 38*r + 166. What is the units digit of o(-23)?
7
Let q(j) = j - 15. Let x be q(15). Suppose 4*g = -x*c + 4*c - 32, -g + 22 = 5*c. Suppose 365 = c*k + 3*l + 2*l, 2*l - 374 = -5*k. What is the tens digit of k?
7
Suppose 20*p - 3224 = -6*p. Suppose 2*f = -2*w + 252, -6*f - p = -w - 8*f. What is the units digit of w?
8
Let x(w) = 193*w - 13. Let d be x(5). Let s = -359 + d. What is the hundreds digit of s?
5
Suppose 0*j - 43587 = -29*j. Let l = 2337 - j. What is the units digit of l?
4
Suppose 0 = 6*i - 26 - 34. What is the hundreds digit of 354*(45/i + -4)?
1
Let r = 8 - 12. Let j be 17*(-2 - 2)/r. Suppose -22*z + j*z = -250. What is the units digit of z?
0
Let o = 244 + -242. What is the hundreds digit of (1/2 - o)/((-16)/1472)?
1
Suppose -3*s + 20 = 2*s, -4*s = d - 41. Suppose -d = 10*i - 15*i, -4*z - 3*i = -463. What is the hundreds digit of z?
1
Suppose 346*x + 9 = 349*x. Suppose -s - x*l = -490, -4*s - s - 4*l + 2461 = 0. What is the tens digit of s?
9
Let g(w) = 83*w + 40497. What is the units digit of g(0)?
7
Suppose 10*w + 195 = -245. What is the thousands digit of 5271/4 + ((-88)/8)/w?
1
Suppose 4*r + 2*v + 6 = 0, 4*v + 4 = -5*r - 5. Let j be ((-8)/r)/4 - (-369)/3. Let i = j - 24. What is the tens digit of i?
0
Suppose -10*t + 5*t + 15 = 0. Suppose 11 = -v + 5*o, -3*v - t = -4*v - 2*o. What is the hundreds digit of ((-80)/30)/((-95)/93 - v)?
1
Let t(p) = -12*p + 2. Let q be t(0). Suppose -4*x - q*l = -626, l - 388 = -5*x + 396. What is the units digit of x?
7
What is the thousands digit of -75*4/(-108) + 18/81 + 37225?
7
Suppose -2*p - 10 = 0, 2*m = 3*m - 2*p - 14. Let y(k) = 3*k**3 - 2*k**2 + 8*k + 1. What is the tens digit of y(m)?
9
Let q be (-1)/(3/6) + (-18 - -1917). Let g = q + -1012. What is the units digit of g?
5
Let z(o) = 299*o + 1681. What is the thousands digit of z(22)?
8
Suppose 15*n = 21*n - 8898. Su